 -1010101010 + -1010010110111110001?
-1010011000010011011
In base 7, what is 1 - -312121145?
312121146
In base 14, what is 17a - 10d82?
-10c06
In base 15, what is 5629c77 + -13?
5629c64
In base 14, what is 10d7 + -1415?
-31c
In base 6, what is -1224220433 - -3?
-1224220430
In base 15, what is 172e + 14ea1?
166d0
In base 10, what is -13460 + 554?
-12906
In base 5, what is -4032141014 - 2?
-4032141021
In base 12, what is 5026 + -115b?
3a87
In base 10, what is -2309881 - 11?
-2309892
In base 2, what is 1001100100110111110110 - 10?
1001100100110111110100
In base 6, what is 114 - 224345354?
-224345240
In base 5, what is 11014140024 + -2?
11014140022
In base 8, what is 1336 - 1421?
-63
In base 15, what is 2506 + 4282?
6788
In base 10, what is -157996 + -5?
-158001
In base 8, what is 225 - 315761?
-315534
In base 8, what is 442 + -546?
-104
In base 8, what is 1230 - 2157426?
-2156176
In base 10, what is -21181385 - -5?
-21181380
In base 2, what is -11101110011100001110101 + 0?
-11101110011100001110101
In base 12, what is -a080a10 + -9?
-a080a19
In base 5, what is -1432104331 + 1?
-1432104330
In base 6, what is -34 + -3214015334?
-3214015412
In base 11, what is -55912961a + -4?
-559129623
In base 6, what is 11222443 - -214?
11223101
In base 3, what is -2111 + 122220021?
122210210
In base 3, what is 10111001202011 + 1101?
10111001210112
In base 7, what is 1 + -150430?
-150426
In base 16, what is -1a1d830 + 1?
-1a1d82f
In base 2, what is 0 - -110011011101010010101101011?
110011011101010010101101011
In base 14, what is -a3bc35 - a?
-a3bc41
In base 15, what is -b4a6 + -11?
-b4b7
In base 7, what is -4041 + -4556?
-11630
In base 5, what is 1312032 + -301431?
1010101
In base 4, what is -132330121 + 1001023?
-131323032
In base 5, what is 421 - -210331?
211302
In base 6, what is -20101 - -220321?
200220
In base 4, what is -3323003020312 + -3?
-3323003020321
In base 10, what is 41956 + -108?
41848
In base 16, what is 16037 + 22f?
16266
In base 5, what is 110041023 + 301?
110041324
In base 10, what is -2461 - 1327?
-3788
In base 8, what is -117670 - -1252?
-116416
In base 4, what is 11301 + -201201231?
-201123330
In base 4, what is 11101 + 1002210122?
1002221223
In base 4, what is 103 - 230100003002?
-230100002233
In base 5, what is 1234421100 - -3?
1234421103
In base 2, what is -10001000111101010010011111111 + 10?
-10001000111101010010011111101
In base 8, what is -54476 + 47?
-54427
In base 11, what is -8606 + 44?
-8572
In base 14, what is 21dc800 - -2?
21dc802
In base 7, what is 131532324 + 4?
131532331
In base 8, what is -12 - -1242206?
1242174
In base 6, what is 1411303042 + -1?
1411303041
In base 16, what is -5b0b095 + -5?
-5b0b09a
In base 9, what is 2 + -18566225?
-18566223
In base 7, what is -1 + 210520210?
210520206
In base 3, what is -210010002001 - 21222?
-210010101000
In base 6, what is 212 + 55425?
100041
In base 9, what is 111355681 + -5?
111355675
In base 13, what is 10323 - -bc?
10412
In base 8, what is -3 + 51142317?
51142314
In base 4, what is -110022 + 302033212?
301323130
In base 5, what is -34404140 - -42443?
-34311142
In base 3, what is 1022 - -120010102101?
120010110200
In base 2, what is 1001101110000101011 + 100?
1001101110000101111
In base 11, what is -136370 - -516?
-135955
In base 11, what is -15 - 8850a6?
-885110
In base 13, what is -214804 - -15?
-2147bc
In base 13, what is 5227c77 - -1?
5227c78
In base 12, what is 4a3 - 53bbb?
-53718
In base 4, what is -10323020 + 300300?
-10022120
In base 12, what is -4 + -2784568?
-2784570
In base 4, what is 1122 - -30113002?
30120130
In base 16, what is -18e53cc - -1?
-18e53cb
In base 15, what is -1a - -6237b?
62361
In base 15, what is 1 + -b2a0a1?
-b2a0a0
In base 9, what is 17773327 - 2?
17773325
In base 5, what is -11 - 2422410343?
-2422410404
In base 3, what is 2101020100020 - -21?
2101020100111
In base 3, what is -1222102022122120 - 1?
-1222102022122121
In base 13, what is -193bb91 - -2?
-193bb8c
In base 6, what is 201301 + -31033?
130224
In base 11, what is -3733997 - 29?
-3733a15
In base 10, what is -55 - -3473147?
3473092
In base 6, what is 1422 - -24505304?
24511130
In base 2, what is 10001010110 - -101010111001010110?
101011001010101100
In base 10, what is 2312 + 3857?
6169
In base 16, what is -1cc + -2386?
-2552
In base 10, what is 10968 + -119?
10849
In base 3, what is -102011020221101 + 1?
-102011020221100
In base 3, what is -10210101001002121 - 1?
-10210101001002122
In base 4, what is -233122200 + 210033?
-232312101
In base 12, what is 117a00 + 16?
117a16
In base 15, what is 45924 + -22d?
456e6
In base 9, what is -466 + 14306?
13730
In base 16, what is -217d38 + -2?
-217d3a
In base 11, what is 34923 - -188?
35000
In base 15, what is 1 + 7e25868?
7e25869
In base 4, what is 20130033132331 - -3?
20130033133000
In base 3, what is -222111121210011 - 12?
-222111121210100
In base 15, what is -76d + -5019?
-5787
In base 11, what is -874934 - 2?
-874936
In base 16, what is 848b + 44c?
88d7
In base 14, what is -10677a - 29?
-1067a5
In base 6, what is -130 - 200103?
-200233
In base 7, what is 4 - 126532350?
-126532343
In base 13, what is -2697 + 7007?
4640
In base 6, what is 324515 - 142?
324333
In base 13, what is 1 - -143a041?
143a042
In base 2, what is -1000 + -1111000111011100?
-1111000111100100
In base 11, what is 3026585 + 6?
3026590
In base 5, what is 204313400 - 2241?
204311104
In base 5, what is 2 - 12140003220?
-12140003213
In base 12, what is -45 - 4427aa?
-442833
In base 3, what is 10210100101211110 - 12?
10210100101211021
In base 4, what is 11 - -12302020312321?
12302020312332
In base 16, what is -c55485 - 3?
-c55488
In base 3, what is -100222011221 - -20010?
-100221221211
In base 12, what is -33554 - -12?
-33542
In base 7, what is -10 - -140146?
140136
In base 12, what is 8456ba + 0?
8456ba
In base 12, what is -109a85 - 9?
-109a92
In base 13, what is -19 - 64752?
-6476b
In base 4, what is -300121310 + -12210?
-300200120
In base 2, what is -11100 + 1011011110000110?
1011011101101010
In base 11, what is 94563 - -4a?
94602
In base 11, what is 67334 + 7127?
73460
In base 7, what is -2412403266 + -1?
-2412403300
In base 9, what is 106 + 431554?
431661
In base 6, what is 0 + -1342150234?
-1342150234
In base 6, what is -12 - 1243223113?
-1243223125
In base 5, what is -10111233 + -12402?
-10124140
In base 11, what is -828 + -25548?
-26275
In base 11, what is a63763 - -7?
a6376a
In base 5, what is -2 + -2310412330?
-2310412332
In base 11, what is -130869 - -130?
-130739
In base 4, what is 320232013 - 330?
320231023
In base 7, what is -114450 - -3154?
-111263
In base 2, what is -1000110001110001 + 1101?
-1000110001100100
In base 13, what is -a46 - -254c?
1806
In base 3, what is 1221210 + -120011100122?
-120002101212
In base 10, what is -2358 - 28151?
-30509
In base 11, what is -12005386 - 2?
-12005388
In base 16, what is -9f8978 - -10?
-9f8968
In base 14, what is 876814 - -52?
876866
In base 15, what is -745 + -29d6?
-322b
In base 4, what is 302 + -10232333101?
-10232332133
In base 3, what is 20 + -12021102122122?
-12021102122102
In base 3, what is 110100112 + -22121?
110000221
In base 10, what is 162 - -18358?
18520
In base 15, what is -2aae + 202?
-28ac
In base 16, what is 655 - 2a93?
-243e
In base 16, what is -30d6421 + -9?
-30d642a
In base 3, what is -221220112 - -211120100?
-10100012
In base 10, what is -5861234 - -11?
-5861223
In base 11, what is 3958 - 342a?
529
In base 7, what is 35 - 32016131?
-32016063
In base 12, what is b468 + 23a?
b6a6
In base 7, what is 1 + 42462163?
42462164
In base 2, what is 11010000110111010100 + -10100001?
11010000110100110011
In base 11, what is 40290 - 909?
3a482
In base 9, what is -7 + -181800?
-181807
In base 7, what is -22216 - 21356?
-43605
In base 9, what is -2 + 2271547?
2271545
In base 14, what is 91 - b93a?
-b889
In base 14, what is 2 - ab3ad8?
-ab3ad6
In base 10, what is 3 + 1010450?
1010453
In base 8, what is -404402 + 154?
-404226
In base 13, what is 11753a37 + 0?
11753a37
In base 5, what is 10 + -122233034003?
-122233033443
In base 13, what is -477 - -20811?
20367
In base 10, what is 20 - 379030?
-379010
In base 14, what is -267 + -120c83?
-12110a
In base 5, what is -12201 - -1314410?
1302204
In base 11, what is -7343a + -171?
-73600
In